*2 - 7*j + 2. List the prime factors of r(i).
2, 5
Let i(l) = 2 + 3*l + 0 - l**3 + l. List the prime factors of i(-3).
17
Let q(o) = o**3 - 3*o**2 - 3*o + 4. Let j be q(5). Suppose j = 2*u - 115. List the prime factors of u.
7, 11
Let p be (-1)/((-2)/(-20)*-2). Let l(y) = 24*y - 9*y - 7*y + 8 - p*y. List the prime factors of l(13).
47
Suppose -w - 3*w + 20 = 0. Suppose -l + w*l - 236 = 0. What are the prime factors of l?
59
Suppose 0 = 2*y - l - 4, 5*y - 2*l = l + 9. Suppose y*q + 22 = 7. Let u(t) = -5*t + 2. What are the prime factors of u(q)?
3
Let l(b) = b**3 - 8*b**2 + 4*b + 23. Let t be l(7). Suppose -t*h + 75 = -33. What are the prime factors of h?
2, 3
Suppose -5*h + 1589 = -4*b - 3652, -1045 = -h + 4*b. List the prime factors of h.
1049
Let k = 26 + -25. List the prime factors of (-53 - k)*15/(-9).
2, 3, 5
Suppose 0 = 100*n - 120239 - 144261. What are the prime factors of n?
5, 23
Suppose 4*s = 2*w - 6, 2*w - 5 = -4*s + 1. Suppose 11*g - 7*g = s. Suppose g = -t - 4*t + 40. What are the prime factors of t?
2
Let o = 10 + 2. Suppose o = 23*n - 26*n. What are the prime factors of (-6)/(-3) + (32 - n)?
2, 19
Let i(u) be the first derivative of u**5/20 - u**4/6 + u**3/3 - u**2/2 - 10*u + 8. Let j(l) be the first derivative of i(l). What are the prime factors of j(3)?
2, 7
Let s(k) = k**3 - 5*k**2 - 10*k + 8. Suppose -r + 9 = 2. What are the prime factors of s(r)?
2, 3
Suppose 2*x - 1174 - 3618 = -3*s, 2*s = 3*x + 3173. List the prime factors of s.
2, 797
Suppose -3*h + 7533 = 2*d, -7*d - 10027 = -4*h - 4*d. List the prime factors of h.
13, 193
Let n = -1130 + 2191. List the prime factors of n.
1061
Let w = 6603 + -3103. What are the prime factors of w?
2, 5, 7
Let b = 178 + -179. Suppose 4*z - 227 = 1. What are the prime factors of z/12 + b/(-4)?
5
Suppose 4*l - 1251 = 1285. What are the prime factors of l?
2, 317
Let u(m) = -m**2 + 4. Let i be u(0). Let w(k) be the third derivative of -k**5/60 + k**4/3 - 2*k**3/3 - 16*k**2. List the prime factors of w(i).
2, 3
Suppose 0 = -5*p + 5*g + 1665, -3*g + 556 = 2*p - 135. What are the prime factors of p?
2, 13
Let w = 4331 - 230. What are the prime factors of w?
3, 1367
Let f be ((96/10)/6)/((-2)/(-5)). Suppose -2*i = 5*m - i - 387, -5*m + 393 = f*i. What are the prime factors of m?
7, 11
Let u = 1255 - 850. What are the prime factors of u?
3, 5
Let r(j) = -j**2 + 9*j + 2. Let o(u) = -2*u - 15. Let d be o(-10). Let z be r(d). What are the prime factors of 4/z - (-656)/22?
2, 3, 5
Let h = 657 - -225. List the prime factors of h.
2, 3, 7
What are the prime factors of (1996/(-12) - -7)*(-3)/1?
2, 239
Let h be (-1 - (-36)/20)/((-2)/(-5)). Suppose -d + 160 = 4*z, -h*z - d = -3*d - 90. What are the prime factors of z?
41
Let m(p) = -5*p + 3. Let i(v) = -v**2 - 7*v - 4. Let q be i(-7). Let y be m(q). Let s = 2 + y. List the prime factors of s.
5
Suppose 0 = 2*r - 4 + 8. List the prime factors of -5 - r - 23/(-1).
2, 5
Let h(g) = 16*g - 17 - 5 - 5*g + 1. List the prime factors of h(5).
2, 17
Suppose -5*q = -4*q - 204. Suppose -r - q = -4*r. What are the prime factors of r?
2, 17
Let f(w) = 3*w**2 + 17*w - 15. Let k be f(-7). Suppose k*b - 1072 = 5*b. What are the prime factors of b?
2, 67
Let r(b) = 5*b + b - b**2 + 13 - 14. Let m be r(3). Let y = m + -4. What are the prime factors of y?
2
Let y = 16 + -10. Let v(s) = 4*s**2 + 3*s - 13. What are the prime factors of v(y)?
149
Let z be 4*1/12 - (-10)/(-3). List the prime factors of z*(4/18 + (-4575)/135).
101
Let o(c) = c**3 + 4*c**2 - 3*c - 9. Let z be o(4). Let l = -36 + z. List the prime factors of l.
71
What are the prime factors of 15550/40 + 2/8?
389
Let r(o) = 113*o - 4. Let l be r(-2). Let p be l/(-20) + (-6)/4. Suppose -x + p = 4. What are the prime factors of x?
2, 3
Let w(l) = -l**2 + 10*l - 9. Let y be w(4). Suppose -t - 5*q - 15 = 0, 0 = -t + q + y. Suppose 2*j + t = 0, 2*j - 16 = -k + 12. List the prime factors of k.
2, 19
Let m = -43 - -46. Suppose -q = -3*d - 96, 7*q - 5*q - 183 = m*d. What are the prime factors of q?
3, 29
Let q(h) = h. Let l be q(5). Suppose 3*v - 4*v = -1. Suppose v = l*o - 9. What are the prime factors of o?
2
What are the prime factors of 3397 + (-30)/(-3 + -7)?
2, 5, 17
Let i(a) = -a + 1. Let u(y) = 5. Let k(v) = -4*i(v) + u(v). Let h be k(1). Suppose 3*r - 4*p = -r + 104, 4*r = h*p + 105. List the prime factors of r.
5
Suppose -18*i + 26916 = -15636. List the prime factors of i.
2, 3, 197
Suppose 0 = -0*h + 5*h. Suppose h = 5*i - 8*i. Suppose i = -3*k + 2*k - 4, 1 = -3*o - 4*k. List the prime factors of o.
5
Let a = -236 - -694. What are the prime factors of a?
2, 229
Suppose 15*g + 35 = 10*g. What are the prime factors of g/7*(0 + -74)?
2, 37
Let l(z) = 4 + z**3 - 52*z**2 - 4 + 53*z**2 - 4*z. Let k = -3 + 6. What are the prime factors of l(k)?
2, 3
Let y(q) = -1. Let v(k) = 41*k + 5. Let d(j) = -v(j) + 5*y(j). List the prime factors of d(-7).
277
Suppose -2*q + 4*c + 10 = 0, 2*q - 4 = 5*c + 8. Suppose k = 3*s - 3, 0 = -s + 5*s - 4*k - 4. Let r = q + s. What are the prime factors of r?
2
Suppose 0 = -5*y - 2*y + 49. Suppose -y*b = -141 - 321. What are the prime factors of b?
2, 3, 11
Let x = 1062 - -598. List the prime factors of x.
2, 5, 83
List the prime factors of -4 + (16/40 - (-2376)/10).
2, 3, 13
Let k(t) = t**3 - 7*t**2 - 7*t - 7. Let h be k(8). Suppose h = 2*p - 3. Suppose 0 = -p*y + 3*m + 58, 5*y - 3*y - 56 = 2*m. What are the prime factors of y?
2, 13
What are the prime factors of -4596*(10 - 11/1)?
2, 3, 383
Let x(p) = -2*p**2 - 3*p - 6. Let s be x(3). Let r = s + 11. Let u = r + 55. List the prime factors of u.
3, 11
Suppose -2*f + 240 = -6*f. Let j be 1176/(-45) + (-8)/f. Let m = j - -39. List the prime factors of m.
13
Suppose -10 = -s - s, 3*i + 4*s = 11. Let y = i + 5. Suppose y*w - 71 + 21 = 0. What are the prime factors of w?
5
Let w(f) = f**3 - 7*f**2 + 7*f - 4. Let h be -2*1 + (-56)/(-7). Let b be w(h). List the prime factors of ((-22)/4)/((-1)/b).
11
Let l = -256 + 288. What are the prime factors of l?
2
Suppose -7*a + 2*c + 684 = -3*a, 5*a - 4*c = 858. What are the prime factors of a?
2, 5, 17
Suppose -3*h + 0 - 9 = 0, -5*y = 4*h + 2. Suppose -3*u = -4*b + 168, u - 37 + 119 = 2*b. Suppose y*s - b = s. What are the prime factors of s?
3, 13
What are the prime factors of (-402)/(-12)*(-3552)/(-24)?
2, 37, 67
Suppose t + 5 = r, -4*r + 4 = -3*t - 11. Suppose r = 2*h + 4, 4*h = -w - 3*w + 160. List the prime factors of w.
2, 3, 7
Let u(w) = -w**3 - 2*w**2 - 3*w + 192. List the prime factors of u(0).
2, 3
Let u = 60 + 23. Let t = u + 10. List the prime factors of t.
3, 31
Suppose 0 = 277*w - 269*w - 15968. List the prime factors of w.
2, 499
Let j be (8/(-6))/4*-39. Let y(k) be the second derivative of k**3/3 - 11*k**2/2 + 5*k. What are the prime factors of y(j)?
3, 5
Let i(v) be the third derivative of -v**6/120 - v**5/60 + v**4/6 + v**3/6 + 3*v**2. Let o be i(-3). Let l = o - 2. List the prime factors of l.
5
Let b = 3103 - -113. What are the prime factors of b?
2, 3, 67
Suppose -5*k + 1263 = -1947. What are the prime factors of k?
2, 3, 107
Suppose -4*x - 4*c = -2384, -2*x + c + 4*c + 1164 = 0. Suppose 10*r - 1184 = 6*r - 5*d, -2*r + x = 2*d. List the prime factors of r.
2, 37
What are the prime factors of (9435/(-5) + -5)*18/(-12)?
2, 3, 11, 43
List the prime factors of (1 + 0)*(-41)/(451/(-46750)).
2, 5, 17
Let t(r) = -r + 7. Let q = 29 + -21. Let b be t(q). Let g = b - -16. List the prime factors of g.
3, 5
Suppose -3054 = -5*t - 4*b, -34*t + 5*b = -30*t - 2476. What are the prime factors of t?
2, 307
Suppose 0 = -3*o - 10*o - 1755. What are the prime factors of (-34)/3*o/10?
3, 17
Let h be 2/4 - 1/2. Let m be (-3 + h)*(0 - 1). Suppose -2*b = m*b - 15. List the prime factors of b.
3
Let g = -24 - -27. Let z(c) = 4*c**2 + 2*c + 1. Let l be z(g). Let m = l + -21. What are the prime factors of m?
2, 11
Let f(s) = 2*s**2 + 2 - 1 + 9 - 20*s + 8*s. What are the prime factors of f(9)?
2
Suppose -4*d + 14448 = 4*z, 0 = 216*z - 214*z - 3*d - 7209. What are the prime factors of z?
3, 401
Suppose -693 = -4*z - 141. Let d = z - 84. Suppose -5*u = -2*i - 61, 4*u - d = -i - 0*i. What are the prime factors of u?
13
Suppose 138*p - 132*p - 2622 = 0. List the prime factors of p.
19, 23
Let k(d) = 7*d**2 - 1